{"id":113,"date":"2021-02-08T15:11:10","date_gmt":"2021-02-08T15:11:10","guid":{"rendered":"https:\/\/medecinetao.com\/?page_id=113"},"modified":"2025-04-17T14:16:35","modified_gmt":"2025-04-17T14:16:35","slug":"prendre-rdv","status":"publish","type":"page","link":"https:\/\/medecinetao.com\/?page_id=113","title":{"rendered":"Prendre RDV"},"content":{"rendered":"\t\t<div data-elementor-type=\"wp-page\" data-elementor-id=\"113\" class=\"elementor elementor-113\" data-elementor-settings=\"[]\">\n\t\t\t\t\t\t\t<div class=\"elementor-section-wrap\">\n\t\t\t\t\t\t\t<section class=\"elementor-section elementor-top-section elementor-element elementor-element-e663fb3 elementor-section-boxed elementor-section-height-default elementor-section-height-default\" data-id=\"e663fb3\" data-element_type=\"section\">\n\t\t\t\t\t\t<div class=\"elementor-container elementor-column-gap-default\">\n\t\t\t\t\t<div class=\"elementor-column elementor-col-100 elementor-top-column elementor-element elementor-element-8a99160\" data-id=\"8a99160\" data-element_type=\"column\">\n\t\t\t<div class=\"elementor-widget-wrap elementor-element-populated\">\n\t\t\t\t\t\t\t\t<div class=\"elementor-element elementor-element-19cf671 elementor-widget elementor-widget-heading\" data-id=\"19cf671\" data-element_type=\"widget\" data-widget_type=\"heading.default\">\n\t\t\t\t<div class=\"elementor-widget-container\">\n\t\t\t<h2 class=\"elementor-heading-title elementor-size-default\">06 82 81 20 00<br>                                    <\/h2>\t\t<\/div>\n\t\t\t\t<\/div>\n\t\t\t\t\t<\/div>\n\t\t<\/div>\n\t\t\t\t\t\t\t<\/div>\n\t\t<\/section>\n\t\t\t\t<section class=\"elementor-section elementor-top-section elementor-element elementor-element-54d7f4f elementor-section-boxed elementor-section-height-default elementor-section-height-default\" data-id=\"54d7f4f\" data-element_type=\"section\">\n\t\t\t\t\t\t<div class=\"elementor-container elementor-column-gap-default\">\n\t\t\t\t\t<div class=\"elementor-column elementor-col-100 elementor-top-column elementor-element elementor-element-4f68510\" data-id=\"4f68510\" data-element_type=\"column\">\n\t\t\t<div class=\"elementor-widget-wrap elementor-element-populated\">\n\t\t\t\t\t\t\t\t<div class=\"elementor-element elementor-element-7dac226 elementor-widget elementor-widget-text-editor\" data-id=\"7dac226\" data-element_type=\"widget\" data-widget_type=\"text-editor.default\">\n\t\t\t\t<div class=\"elementor-widget-container\">\n\t\t\t\t\t<div class=\"elementor-text-editor elementor-clearfix\"><p><a href=\"https:\/\/www.proxibienetre.fr\">https:\/\/www.proxibienetre.fr<\/a><\/p><\/div>\n\t\t\t\t<\/div>\n\t\t\t\t<\/div>\n\t\t\t\t\t<\/div>\n\t\t<\/div>\n\t\t\t\t\t\t\t<\/div>\n\t\t<\/section>\n\t\t\t\t<section class=\"elementor-section elementor-top-section elementor-element elementor-element-ba67e5a elementor-section-boxed elementor-section-height-default elementor-section-height-default\" data-id=\"ba67e5a\" data-element_type=\"section\">\n\t\t\t\t\t\t<div class=\"elementor-container elementor-column-gap-default\">\n\t\t\t\t\t<div class=\"elementor-column elementor-col-100 elementor-top-column elementor-element elementor-element-823fd2b\" data-id=\"823fd2b\" data-element_type=\"column\">\n\t\t\t<div class=\"elementor-widget-wrap elementor-element-populated\">\n\t\t\t\t\t\t\t\t<div class=\"elementor-element elementor-element-1980e4a elementor-widget elementor-widget-google_maps\" data-id=\"1980e4a\" data-element_type=\"widget\" data-widget_type=\"google_maps.default\">\n\t\t\t\t<div class=\"elementor-widget-container\">\n\t\t\t<div class=\"elementor-custom-embed\"><iframe frameborder=\"0\" scrolling=\"no\" marginheight=\"0\" marginwidth=\"0\" src=\"https:\/\/maps.google.com\/maps?q=Vaux%2031540%20medecine%20chinoise%20isabelle%20cl%C3%A9ment&amp;t=m&amp;z=13&amp;output=embed&amp;iwloc=near\" title=\"Vaux 31540 medecine chinoise isabelle cl\u00e9ment\" aria-label=\"Vaux 31540 medecine chinoise isabelle cl\u00e9ment\"><\/iframe><\/div>\t\t<\/div>\n\t\t\t\t<\/div>\n\t\t\t\t\t<\/div>\n\t\t<\/div>\n\t\t\t\t\t\t\t<\/div>\n\t\t<\/section>\n\t\t\t\t<section class=\"elementor-section elementor-top-section elementor-element elementor-element-d331e6a elementor-section-boxed elementor-section-height-default elementor-section-height-default\" data-id=\"d331e6a\" data-element_type=\"section\">\n\t\t\t\t\t\t<div class=\"elementor-container elementor-column-gap-default\">\n\t\t\t\t\t<div class=\"elementor-column elementor-col-100 elementor-top-column elementor-element elementor-element-a5bee19\" data-id=\"a5bee19\" data-element_type=\"column\">\n\t\t\t<div class=\"elementor-widget-wrap elementor-element-populated\">\n\t\t\t\t\t\t\t\t<div class=\"elementor-element elementor-element-4156980 elementor-widget elementor-widget-shortcode\" data-id=\"4156980\" data-element_type=\"widget\" data-widget_type=\"shortcode.default\">\n\t\t\t\t<div class=\"elementor-widget-container\">\n\t\t\t\t\t<div class=\"elementor-shortcode\"><div role=\"form\" class=\"wpcf7\" id=\"wpcf7-f2574-o1\" lang=\"fr-FR\" dir=\"ltr\">\n<div class=\"screen-reader-response\"><p role=\"status\" aria-live=\"polite\" aria-atomic=\"true\"><\/p> <ul><\/ul><\/div>\n<form action=\"\/index.php?rest_route=%2Fwp%2Fv2%2Fpages%2F113#wpcf7-f2574-o1\" method=\"post\" class=\"wpcf7-form init\" novalidate=\"novalidate\" data-status=\"init\">\n<div style=\"display: none;\">\n<input type=\"hidden\" name=\"_wpcf7\" value=\"2574\" \/>\n<input type=\"hidden\" name=\"_wpcf7_version\" value=\"5.4.2\" \/>\n<input type=\"hidden\" name=\"_wpcf7_locale\" value=\"fr_FR\" \/>\n<input type=\"hidden\" name=\"_wpcf7_unit_tag\" value=\"wpcf7-f2574-o1\" \/>\n<input type=\"hidden\" name=\"_wpcf7_container_post\" value=\"0\" \/>\n<input type=\"hidden\" name=\"_wpcf7_posted_data_hash\" value=\"\" \/>\n<\/div>\n<p><label> Votre nom<br \/>\n    <span class=\"wpcf7-form-control-wrap your-name\"><input type=\"text\" name=\"your-name\" value=\"\" size=\"40\" class=\"wpcf7-form-control wpcf7-text wpcf7-validates-as-required\" aria-required=\"true\" aria-invalid=\"false\" \/><\/span> <\/label><\/p>\n<p><label> Votre e-mail<br \/>\n    <span class=\"wpcf7-form-control-wrap your-email\"><input type=\"email\" name=\"your-email\" value=\"\" size=\"40\" class=\"wpcf7-form-control wpcf7-text wpcf7-email wpcf7-validates-as-required wpcf7-validates-as-email\" aria-required=\"true\" aria-invalid=\"false\" \/><\/span> <\/label><\/p>\n<p><label> Objet<br \/>\n    <span class=\"wpcf7-form-control-wrap your-subject\"><input type=\"text\" name=\"your-subject\" value=\"\" size=\"40\" class=\"wpcf7-form-control wpcf7-text wpcf7-validates-as-required\" aria-required=\"true\" aria-invalid=\"false\" \/><\/span> <\/label><\/p>\n<p><label> Votre message (facultatif)<br \/>\n    <span class=\"wpcf7-form-control-wrap your-message\"><textarea name=\"your-message\" cols=\"40\" rows=\"10\" class=\"wpcf7-form-control wpcf7-textarea\" aria-invalid=\"false\"><\/textarea><\/span> <\/label><\/p>\n<p><input type=\"submit\" value=\"Envoyer\" class=\"wpcf7-form-control wpcf7-submit\" \/><\/p>\n<div class=\"wpcf7-response-output\" aria-hidden=\"true\"><\/div><\/form><\/div><\/div>\n\t\t\t\t<\/div>\n\t\t\t\t<\/div>\n\t\t\t\t\t<\/div>\n\t\t<\/div>\n\t\t\t\t\t\t\t<\/div>\n\t\t<\/section>\n\t\t\t\t\t\t<\/div>\n\t\t\t\t\t<\/div>\n\t\t","protected":false},"excerpt":{"rendered":"<p>06 82 81 20 00 https:\/\/www.proxibienetre.fr<\/p>\n","protected":false},"author":1,"featured_media":0,"parent":0,"menu_order":0,"comment_status":"closed","ping_status":"closed","template":"","meta":{"spay_email":"","_vp_format_video_url":"","_vp_image_focal_point":[],"footnotes":""},"class_list":["post-113","page","type-page","status-publish","hentry"],"yoast_head":"<!-- This site is optimized with the Yoast SEO plugin v16.9 - https:\/\/yoast.com\/wordpress\/plugins\/seo\/ -->\n<title>M\u00e9decine \u00e9nerg\u00e9tique, cabinet de soins \u00e0 Le Vaux 31 Isabelle Cl\u00e9ment<\/title>\n<meta name=\"description\" content=\"M\u00e9decine chinoise, Sant\u00e9, \u00e9nerg\u00e9tique chinoise, Pharmacop\u00e9e chinoise, Qi Gong, Di\u00e9t\u00e9tique \u00e9nerg\u00e9tique, Isabelle Cl\u00e9ment - 31 Le Vaux\" \/>\n<meta name=\"robots\" content=\"index, follow, max-snippet:-1, max-image-preview:large, max-video-preview:-1\" \/>\n<link rel=\"canonical\" href=\"https:\/\/medecinetao.com\/?page_id=113\" \/>\n<meta property=\"og:locale\" content=\"fr_FR\" \/>\n<meta property=\"og:type\" content=\"article\" \/>\n<meta property=\"og:title\" content=\"M\u00e9decine \u00e9nerg\u00e9tique, cabinet de soins \u00e0 Le Vaux 31 Isabelle Cl\u00e9ment\" \/>\n<meta property=\"og:description\" content=\"M\u00e9decine chinoise, Sant\u00e9, \u00e9nerg\u00e9tique chinoise, Pharmacop\u00e9e chinoise, Qi Gong, Di\u00e9t\u00e9tique \u00e9nerg\u00e9tique, Isabelle Cl\u00e9ment - 31 Le Vaux\" \/>\n<meta property=\"og:url\" content=\"https:\/\/medecinetao.com\/?page_id=113\" \/>\n<meta property=\"og:site_name\" content=\"M\u00e9decine \u00e9nerg\u00e9tique chinoise\" \/>\n<meta property=\"article:modified_time\" content=\"2025-04-17T14:16:35+00:00\" \/>\n<meta name=\"twitter:card\" content=\"summary_large_image\" \/>\n<meta name=\"twitter:label1\" content=\"Dur\u00e9e de lecture est.\" \/>\n\t<meta name=\"twitter:data1\" content=\"1 minute\" \/>\n<script type=\"application\/ld+json\" class=\"yoast-schema-graph\">{\"@context\":\"https:\/\/schema.org\",\"@graph\":[{\"@type\":\"Organization\",\"@id\":\"https:\/\/medecinetao.com\/#organization\",\"name\":\"Les Cl\\u00e9s du Tao\",\"url\":\"https:\/\/medecinetao.com\/\",\"sameAs\":[\"https:\/\/www.linkedin.com\/in\/isabelle-cl\\u00e9ment-484409112\/?midToken=AQGkEo7fsMtjyg&amp;amp;amp;amp;amp;midSig=0uyVHNCD9q49U1&amp;amp;amp;amp;amp;trk=eml-email_pymk_02-header-38-profile&amp;amp;amp;amp;amp;trkEmail=eml-email_pymk_02-header-38-profile-null-7thois~kryvnqio~i5-null-neptune\/profile~vanity.view\"],\"logo\":{\"@type\":\"ImageObject\",\"@id\":\"https:\/\/medecinetao.com\/#logo\",\"inLanguage\":\"fr-FR\",\"url\":\"https:\/\/medecinetao.com\/wp-content\/uploads\/2021\/03\/Logo-web-Cles-du-tao-e1614953452127.png\",\"contentUrl\":\"https:\/\/medecinetao.com\/wp-content\/uploads\/2021\/03\/Logo-web-Cles-du-tao-e1614953452127.png\",\"width\":150,\"height\":153,\"caption\":\"Les Cl\\u00e9s du Tao\"},\"image\":{\"@id\":\"https:\/\/medecinetao.com\/#logo\"}},{\"@type\":\"WebSite\",\"@id\":\"https:\/\/medecinetao.com\/#website\",\"url\":\"https:\/\/medecinetao.com\/\",\"name\":\"M\\u00e9decine \\u00e9nerg\\u00e9tique chinoise\",\"description\":\"\",\"publisher\":{\"@id\":\"https:\/\/medecinetao.com\/#organization\"},\"potentialAction\":[{\"@type\":\"SearchAction\",\"target\":{\"@type\":\"EntryPoint\",\"urlTemplate\":\"https:\/\/medecinetao.com\/?s={search_term_string}\"},\"query-input\":\"required name=search_term_string\"}],\"inLanguage\":\"fr-FR\"},{\"@type\":\"WebPage\",\"@id\":\"https:\/\/medecinetao.com\/?page_id=113#webpage\",\"url\":\"https:\/\/medecinetao.com\/?page_id=113\",\"name\":\"M\\u00e9decine \\u00e9nerg\\u00e9tique, cabinet de soins \\u00e0 Le Vaux 31 Isabelle Cl\\u00e9ment\",\"isPartOf\":{\"@id\":\"https:\/\/medecinetao.com\/#website\"},\"datePublished\":\"2021-02-08T15:11:10+00:00\",\"dateModified\":\"2025-04-17T14:16:35+00:00\",\"description\":\"M\\u00e9decine chinoise, Sant\\u00e9, \\u00e9nerg\\u00e9tique chinoise, Pharmacop\\u00e9e chinoise, Qi Gong, Di\\u00e9t\\u00e9tique \\u00e9nerg\\u00e9tique, Isabelle Cl\\u00e9ment - 31 Le Vaux\",\"breadcrumb\":{\"@id\":\"https:\/\/medecinetao.com\/?page_id=113#breadcrumb\"},\"inLanguage\":\"fr-FR\",\"potentialAction\":[{\"@type\":\"ReadAction\",\"target\":[\"https:\/\/medecinetao.com\/?page_id=113\"]}]},{\"@type\":\"BreadcrumbList\",\"@id\":\"https:\/\/medecinetao.com\/?page_id=113#breadcrumb\",\"itemListElement\":[{\"@type\":\"ListItem\",\"position\":1,\"name\":\"Accueil\",\"item\":\"https:\/\/medecinetao.com\/\"},{\"@type\":\"ListItem\",\"position\":2,\"name\":\"Prendre RDV\"}]}]}<\/script>\n<!-- \/ Yoast SEO plugin. -->","yoast_head_json":{"title":"M\u00e9decine \u00e9nerg\u00e9tique, cabinet de soins \u00e0 Le Vaux 31 Isabelle Cl\u00e9ment","description":"M\u00e9decine chinoise, Sant\u00e9, \u00e9nerg\u00e9tique chinoise, Pharmacop\u00e9e chinoise, Qi Gong, Di\u00e9t\u00e9tique \u00e9nerg\u00e9tique, Isabelle Cl\u00e9ment - 31 Le Vaux","robots":{"index":"index","follow":"follow","max-snippet":"max-snippet:-1","max-image-preview":"max-image-preview:large","max-video-preview":"max-video-preview:-1"},"canonical":"https:\/\/medecinetao.com\/?page_id=113","og_locale":"fr_FR","og_type":"article","og_title":"M\u00e9decine \u00e9nerg\u00e9tique, cabinet de soins \u00e0 Le Vaux 31 Isabelle Cl\u00e9ment","og_description":"M\u00e9decine chinoise, Sant\u00e9, \u00e9nerg\u00e9tique chinoise, Pharmacop\u00e9e chinoise, Qi Gong, Di\u00e9t\u00e9tique \u00e9nerg\u00e9tique, Isabelle Cl\u00e9ment - 31 Le Vaux","og_url":"https:\/\/medecinetao.com\/?page_id=113","og_site_name":"M\u00e9decine \u00e9nerg\u00e9tique chinoise","article_modified_time":"2025-04-17T14:16:35+00:00","twitter_card":"summary_large_image","twitter_misc":{"Dur\u00e9e de lecture est.":"1 minute"},"schema":{"@context":"https:\/\/schema.org","@graph":[{"@type":"Organization","@id":"https:\/\/medecinetao.com\/#organization","name":"Les Cl\u00e9s du Tao","url":"https:\/\/medecinetao.com\/","sameAs":["https:\/\/www.linkedin.com\/in\/isabelle-cl\u00e9ment-484409112\/?midToken=AQGkEo7fsMtjyg&amp;amp;amp;amp;amp;midSig=0uyVHNCD9q49U1&amp;amp;amp;amp;amp;trk=eml-email_pymk_02-header-38-profile&amp;amp;amp;amp;amp;trkEmail=eml-email_pymk_02-header-38-profile-null-7thois~kryvnqio~i5-null-neptune\/profile~vanity.view"],"logo":{"@type":"ImageObject","@id":"https:\/\/medecinetao.com\/#logo","inLanguage":"fr-FR","url":"https:\/\/medecinetao.com\/wp-content\/uploads\/2021\/03\/Logo-web-Cles-du-tao-e1614953452127.png","contentUrl":"https:\/\/medecinetao.com\/wp-content\/uploads\/2021\/03\/Logo-web-Cles-du-tao-e1614953452127.png","width":150,"height":153,"caption":"Les Cl\u00e9s du Tao"},"image":{"@id":"https:\/\/medecinetao.com\/#logo"}},{"@type":"WebSite","@id":"https:\/\/medecinetao.com\/#website","url":"https:\/\/medecinetao.com\/","name":"M\u00e9decine \u00e9nerg\u00e9tique chinoise","description":"","publisher":{"@id":"https:\/\/medecinetao.com\/#organization"},"potentialAction":[{"@type":"SearchAction","target":{"@type":"EntryPoint","urlTemplate":"https:\/\/medecinetao.com\/?s={search_term_string}"},"query-input":"required name=search_term_string"}],"inLanguage":"fr-FR"},{"@type":"WebPage","@id":"https:\/\/medecinetao.com\/?page_id=113#webpage","url":"https:\/\/medecinetao.com\/?page_id=113","name":"M\u00e9decine \u00e9nerg\u00e9tique, cabinet de soins \u00e0 Le Vaux 31 Isabelle Cl\u00e9ment","isPartOf":{"@id":"https:\/\/medecinetao.com\/#website"},"datePublished":"2021-02-08T15:11:10+00:00","dateModified":"2025-04-17T14:16:35+00:00","description":"M\u00e9decine chinoise, Sant\u00e9, \u00e9nerg\u00e9tique chinoise, Pharmacop\u00e9e chinoise, Qi Gong, Di\u00e9t\u00e9tique \u00e9nerg\u00e9tique, Isabelle Cl\u00e9ment - 31 Le Vaux","breadcrumb":{"@id":"https:\/\/medecinetao.com\/?page_id=113#breadcrumb"},"inLanguage":"fr-FR","potentialAction":[{"@type":"ReadAction","target":["https:\/\/medecinetao.com\/?page_id=113"]}]},{"@type":"BreadcrumbList","@id":"https:\/\/medecinetao.com\/?page_id=113#breadcrumb","itemListElement":[{"@type":"ListItem","position":1,"name":"Accueil","item":"https:\/\/medecinetao.com\/"},{"@type":"ListItem","position":2,"name":"Prendre RDV"}]}]}},"_links":{"self":[{"href":"https:\/\/medecinetao.com\/index.php?rest_route=\/wp\/v2\/pages\/113","targetHints":{"allow":["GET"]}}],"collection":[{"href":"https:\/\/medecinetao.com\/index.php?rest_route=\/wp\/v2\/pages"}],"about":[{"href":"https:\/\/medecinetao.com\/index.php?rest_route=\/wp\/v2\/types\/page"}],"author":[{"embeddable":true,"href":"https:\/\/medecinetao.com\/index.php?rest_route=\/wp\/v2\/users\/1"}],"replies":[{"embeddable":true,"href":"https:\/\/medecinetao.com\/index.php?rest_route=%2Fwp%2Fv2%2Fcomments&post=113"}],"version-history":[{"count":53,"href":"https:\/\/medecinetao.com\/index.php?rest_route=\/wp\/v2\/pages\/113\/revisions"}],"predecessor-version":[{"id":5728,"href":"https:\/\/medecinetao.com\/index.php?rest_route=\/wp\/v2\/pages\/113\/revisions\/5728"}],"wp:attachment":[{"href":"https:\/\/medecinetao.com\/index.php?rest_route=%2Fwp%2Fv2%2Fmedia&parent=113"}],"curies":[{"name":"wp","href":"https:\/\/api.w.org\/{rel}","templated":true}]}}